ns digit of 1688303?
0
What is the tens digit of 595256?
5
What is the millions digit of 1465662?
1
What is the tens digit of 566929?
2
What is the millions digit of 17707776?
7
What is the thousands digit of 41220?
1
What is the thousands digit of 5721477?
1
What is the thousands digit of 16004535?
4
What is the ten millions digit of 11957835?
1
What is the hundreds digit of 517195?
1
What is the millions digit of 5954852?
5
What is the millions digit of 2374690?
2
What is the hundreds digit of 5456068?
0
What is the hundreds digit of 21757?
7
What is the hundreds digit of 950401?
4
What is the hundreds digit of 825885?
8
What is the hundred thousands digit of 337401?
3
What is the units digit of 5866883?
3
What is the hundreds digit of 437303?
3
What is the ten millions digit of 29464981?
2
What is the thousands digit of 688589?
8
What is the tens digit of 13776724?
2
What is the hundred thousands digit of 235888?
2
What is the tens digit of 5382446?
4
What is the ten thousands digit of 5085011?
8
What is the thousands digit of 6827326?
7
What is the hundred thousands digit of 1345727?
3
What is the hundred thousands digit of 1155764?
1
What is the hundreds digit of 1280919?
9
What is the hundred thousands digit of 577101?
5
What is the ten thousands digit of 22276052?
7
What is the tens digit of 179433?
3
What is the ten thousands digit of 3303094?
0
What is the millions digit of 6634645?
6
What is the units digit of 5034878?
8
What is the ten thousands digit of 313561?
1
What is the thousands digit of 246655?
6
What is the units digit of 526233?
3
What is the tens digit of 5954376?
7
What is the units digit of 2217065?
5
What is the ten thousands digit of 424619?
2
What is the ten thousands digit of 618053?
1
What is the millions digit of 5766988?
5
What is the hundred thousands digit of 638573?
6
What is the thousands digit of 9682413?
2
What is the tens digit of 5328041?
4
What is the thousands digit of 982224?
2
What is the tens digit of 904781?
8
What is the hundred thousands digit of 736137?
7
What is the tens digit of 479957?
5
What is the tens digit of 142272?
7
What is the thousands digit of 223492?
3
What is the hundred thousands digit of 150343?
1
What is the millions digit of 5026843?
5
What is the ten thousands digit of 269209?
6
What is the hundreds digit of 3586527?
5
What is the millions digit of 1116358?
1
What is the ten thousands digit of 136063?
3
What is the units digit of 2250083?
3
What is the tens digit of 6330604?
0
What is the tens digit of 1501310?
1
What is the thousands digit of 127939?
7
What is the thousands digit of 6474210?
4
What is the thousands digit of 757060?
7
What is the tens digit of 6005326?
2
What is the hundred thousands digit of 4280743?
2
What is the tens digit of 1692469?
6
What is the tens digit of 156579?
7
What is the tens digit of 2931260?
6
What is the tens digit of 108375?
7
What is the units digit of 1500814?
4
What is the tens digit of 1221527?
2
What is the ten thousands digit of 11838535?
3
What is the hundreds digit of 802123?
1
What is the tens digit of 750419?
1
What is the tens digit of 1934484?
8
What is the ten thousands digit of 39439837?
3
What is the ten thousands digit of 8275172?
7
What is the ten thousands digit of 219287?
1
What is the ten thousands digit of 2779948?
7
What is the tens digit of 1210378?
7
What is the hundreds digit of 3950398?
3
What is the hundred thousands digit of 302278?
3
What is the ten thousands digit of 19221392?
2
What is the ten thousands digit of 861032?
6
What is the hundreds digit of 16707765?
7
What is the ten thousands digit of 7525149?
2
What is the hundreds digit of 905625?
6
What is the units digit of 5441251?
1
What is the thousands digit of 16493692?
3
What is the hundred thousands digit of 640104?
6
What is the thousands digit of 1613722?
3
What is the millions digit of 3523319?
3
What is the hundreds digit of 655127?
1
What is the tens digit of 1025845?
4
What is the hundreds digit of 518474?
4
What is the hundred thousands digit of 111093?
1
What is the millions digit of 1713357?
1
What is the tens digit of 99903?
0
What is the hundred thousands digit of 224129?
2
What is the ten thousands digit of 394424?
9
What is the hundred thousands digit of 1651949?
6
What is the tens digit of 124396?
9
What is the tens digit of 1895?
9
What is the hundreds digit of 162436?
4
What is the hundreds digit of 283511?
5
What is the thousands digit of 1266745?
6
What is the millions digit of 9489713?
9
What is the tens digit of 320809?
0
What is the units digit of 233803?
3
What is the millions digit of 27949729?
7
What is the ten thousands digit of 5444191?
4
What is the ten thousands digit of 1161133?
6
What is the ten thousands digit of 237389?
3
What is the units digit of 715434?
4
What is the ten thousands digit of 3281014?
8
What is the tens digit of 615025?
2
What is the millions digit of 1613920?
1
What is the ten thousands digit of 236104?
3
What is the ten thousands digit of 29227474?
2
What is the hundreds digit of 147979?
9
What is the ten thousands digit of 1495899?
9
What is the hundreds digit of 1538167?
1
What is the hundred thousands digit of 404088?
4
What is the thousands digit of 8132939?
2
What is the hundred thousands digit of 525099?
5
What is the thousands digit of 4515139?
5
What is the units digit of 869859?
9
What is the units digit of 2999380?
0
What is the thousands digit of 536197?
6
What is the hundred thousands digit of 515340?
5
What is the thousands digit of 7599073?
9
What is the ten thousands digit of 318283?
1
What is the tens digit of 155412?
1
What is the ten thousands digit of 202653?
0
What is the hundreds digit of 5313771?
7
What is the millions digit of 1802619?
1
What is the tens digit of 429408?
0
What is the hundreds digit of 119100?
1
What is the millions digit of 13558693?
3
What is the thousands digit of 6362428?
2
What is the units digit of 3185894?
4
What is the hundreds digit of 415485?
4
What is the tens digit of 2666373?
7
What is the millions digit of 2896306?
2
What is the hundred thousands digit of 6593238?
5
What is the millions digit of 4089935?
4
What is the ten thousands digit of 5887423?
8
What is the ten thousands digit of 257107?
5
What is the ten thousands digit of 131683?
3
What is the tens digit of 5469632?
3
What is the units digit of 906081?
1
What is the tens digit of 369763?
6
What is the tens digit of 1312726?
2
What is the thousands digit of 216943?
6
What is the tens digit of 178410?
1
What is the thousands digit of 345214?
5
What is the hundred thousands digit of 11941599?
9
What is the ten thousands digit of 220702?
2
What is the ten thousands digit of 60586?
6
What is the units digit of 211674?
4
What is the units digit of 1322098?
8
What is the ten thousands digit of 1396063?
9
What is the units digit of 30944967?
7
What is the units digit of 1990509?
9
What is the tens digit of 41061231?
3
What is the tens digit of 772681?
8
What is the millions digit of 2353878?
2
What is the units digit of 715673?
3
What is the units digit of 186818?
8
What is the hundred thousands digit of 244208?
2
What is the ten thousands digit of 3593390?
9
What is the hundreds digit of 467708?
7
What is the tens digit of 79262?
6
What is the units digit of 12213358?
8
What is the ten thousands digit of 1898177?
9
What is the hundreds digit of 2749877?
8
What is the thousands digit of 7873979?
3
What is the ten thousands digit of 14023464?
2
What is the hundred thousands digit of 7204360?
2
What is the tens digit of 1346370?
7
What is the units digit of 959284?
4
What is the hundreds digit of 8966756?
7
What is the thousands digit of 1986508?
6
What is the hundreds digit of 282341?
3
What is the ten thousands digit of 8155976?
5
What is the millions digit of 10714159?
0
What is the millions digit of 10203064?
0
What is the ten thousands digit of 4283220?
8
What is the hundreds digit of 1199284?
2
What is the hundred thousands digit of 318449?
3
What is the tens digit of 9911706?
0
What is the tens digit of 827179?
7
What is the ten millions digit of 15695373?
1
What is the thousands digit of 208017?
8
What is the hundreds digit of 877797?
7
What is the ten thousands digit of 3137394?
3
What is